{"id":47486,"date":"2026-04-17T11:23:35","date_gmt":"2026-04-17T09:23:35","guid":{"rendered":"https:\/\/www.elvendrellturisme.com\/events\/dia-de-europa-2026-concierto-con-forum-voix-etouffees\/"},"modified":"2026-04-17T11:23:35","modified_gmt":"2026-04-17T09:23:35","slug":"dia-de-europa-2026-concierto-con-forum-voix-etouffees","status":"publish","type":"mec-events","link":"https:\/\/www.elvendrellturisme.com\/es\/events\/dia-de-europa-2026-concierto-con-forum-voix-etouffees\/","title":{"rendered":"D\u00eda de Europa 2026: concierto con Forum Voix \u00c9touff\u00e9es"},"content":{"rendered":"<p><img decoding=\"async\" class=\"alignnone wp-image-47481 size-full\" src=\"https:\/\/www.elvendrellturisme.com\/wp-content\/uploads\/concert-09052026-2048x1362-1.png\" alt=\"\" width=\"2048\" height=\"1362\" title=\"\" srcset=\"https:\/\/www.elvendrellturisme.com\/wp-content\/uploads\/concert-09052026-2048x1362-1.png 2048w, https:\/\/www.elvendrellturisme.com\/wp-content\/uploads\/concert-09052026-2048x1362-1-1280x851.png 1280w, https:\/\/www.elvendrellturisme.com\/wp-content\/uploads\/concert-09052026-2048x1362-1-980x652.png 980w, https:\/\/www.elvendrellturisme.com\/wp-content\/uploads\/concert-09052026-2048x1362-1-480x319.png 480w\" sizes=\"(min-width: 0px) and (max-width: 480px) 480px, (min-width: 481px) and (max-width: 980px) 980px, (min-width: 981px) and (max-width: 1280px) 1280px, (min-width: 1281px) 2048px, 100vw\" \/><\/p>\n","protected":false},"excerpt":{"rendered":"","protected":false},"author":3,"featured_media":47295,"comment_status":"closed","ping_status":"closed","template":"","tags":[],"mec_category":[308],"class_list":["post-47486","mec-events","type-mec-events","status-publish","has-post-thumbnail","hentry","mec_category-musica-es"],"acf":[],"_links":{"self":[{"href":"https:\/\/www.elvendrellturisme.com\/es\/wp-json\/wp\/v2\/mec-events\/47486","targetHints":{"allow":["GET"]}}],"collection":[{"href":"https:\/\/www.elvendrellturisme.com\/es\/wp-json\/wp\/v2\/mec-events"}],"about":[{"href":"https:\/\/www.elvendrellturisme.com\/es\/wp-json\/wp\/v2\/types\/mec-events"}],"author":[{"embeddable":true,"href":"https:\/\/www.elvendrellturisme.com\/es\/wp-json\/wp\/v2\/users\/3"}],"replies":[{"embeddable":true,"href":"https:\/\/www.elvendrellturisme.com\/es\/wp-json\/wp\/v2\/comments?post=47486"}],"wp:featuredmedia":[{"embeddable":true,"href":"https:\/\/www.elvendrellturisme.com\/es\/wp-json\/wp\/v2\/media\/47295"}],"wp:attachment":[{"href":"https:\/\/www.elvendrellturisme.com\/es\/wp-json\/wp\/v2\/media?parent=47486"}],"wp:term":[{"taxonomy":"post_tag","embeddable":true,"href":"https:\/\/www.elvendrellturisme.com\/es\/wp-json\/wp\/v2\/tags?post=47486"},{"taxonomy":"mec_category","embeddable":true,"href":"https:\/\/www.elvendrellturisme.com\/es\/wp-json\/wp\/v2\/mec_category?post=47486"}],"curies":[{"name":"wp","href":"https:\/\/api.w.org\/{rel}","templated":true}]}}

Día de Europa 2026: concierto con Forum Voix Étouffées
